{"id":20849,"date":"2020-11-08T21:45:52","date_gmt":"2020-11-08T20:45:52","guid":{"rendered":"https:\/\/www.spreewaldmarathon.de\/wpswm\/?page_id=20849"},"modified":"2026-04-06T12:29:30","modified_gmt":"2026-04-06T11:29:30","slug":"ganzjaehrig","status":"publish","type":"page","link":"https:\/\/spreewaldmarathon.de\/wpswm\/ganzjaehrig\/","title":{"rendered":"Spreewaldmarathon virtuell | ganzj\u00e4hrig"},"content":{"rendered":"<div class=\"wpb-content-wrapper\"><p>[vc_row][vc_column width=&#8220;1\/1&#8243;][vc_column_text]<\/p>\n<h3>Gold, Silber, Bronze, Gr\u00fcn, Blau, Lila &#8211; Gurkenmedaille ganzj\u00e4hrig zu haben<\/h3>\n<p>[\/vc_column_text]<div class=\"single_image wpb_content_element align-center    \" data-animation=\"none\" data-delay=\"0\"><img loading=\"lazy\" decoding=\"async\" width=\"1161\" height=\"780\" src=\"https:\/\/spreewaldmarathon.de\/wpswm\/wp-content\/uploads\/Spreewaldmarathon_2025-1400x940.jpg\" class=\"attachment-large\" alt=\"\" title=\"Spreewaldmarathon_2025\" srcset=\"https:\/\/spreewaldmarathon.de\/wpswm\/wp-content\/uploads\/Spreewaldmarathon_2025-1400x940.jpg 1400w, https:\/\/spreewaldmarathon.de\/wpswm\/wp-content\/uploads\/Spreewaldmarathon_2025-300x201.jpg 300w, https:\/\/spreewaldmarathon.de\/wpswm\/wp-content\/uploads\/Spreewaldmarathon_2025-768x515.jpg 768w, https:\/\/spreewaldmarathon.de\/wpswm\/wp-content\/uploads\/Spreewaldmarathon_2025-1536x1031.jpg 1536w, https:\/\/spreewaldmarathon.de\/wpswm\/wp-content\/uploads\/Spreewaldmarathon_2025-2048x1374.jpg 2048w\" sizes=\"(max-width: 1161px) 100vw, 1161px\" \/><\/div>[vc_column_text]<\/p>\n<h3><strong><span style=\"color: #000000;\">Die Spreewaldgurke in<\/span> <span style=\"color: #339966;\">gr\u00fcn,<\/span> <span style=\"color: #0000ff;\">blau<\/span>, <span style=\"color: #cc99ff;\">lila<\/span>, <span style=\"color: #ffcc00;\">gold,<\/span> <span style=\"color: #999999;\">silber <\/span><span style=\"color: #000000;\">und<\/span> <span style=\"color: #ff6600;\">bronze<\/span> <span style=\"color: #000000;\">gibt es jedes Jahr auch &#8222;ganzj\u00e4hrig&#8220;!<\/span><\/strong><\/h3>\n<p><span style=\"color: #000000;\">Unsere 6 Gurkensorten k\u00f6nnt ihr auch<strong>\u00a0<span style=\"color: #0000ff;\">ganzj\u00e4hrig, zu Hause<\/span><\/strong>\u00a0oder beim\u00a0<span style=\"color: #0000ff;\"><strong>Bootshaus Leineweber<\/strong><\/span>, sowie\u00a0<span style=\"color: #0000ff;\"><strong>SUP Martin Fix<\/strong><\/span>, in\u00a0<span style=\"color: #0000ff;\"><strong>Burg im Spreewald<\/strong><\/span>\u00a0sportlich aktiv erwerben.<\/span><br \/>\n<span style=\"color: #000000;\">Verbindet einen Ausflug oder Urlaub im Spreewald mit dem Erwerb einer Gurke oder des gesamten Gurkensortimentes.<\/span><br \/>\n<span style=\"color: #000000;\">Sorgt f\u00fcr eine reiche Ernte. Auch im Winter hat der Spreewald mit seinen idyllischen Flie\u00dfen seine Reize.<\/span><\/p>\n<p>Habt Ihr Fragen, so schreibt uns \u00fcber unser <span style=\"color: #0000ff;\"><strong><a style=\"color: #0000ff;\" href=\"https:\/\/spreewaldmarathon.de\/wpswm\/kontakt\">Kontaktformular<\/a><\/strong><\/span> .[\/vc_column_text][\/vc_column][\/vc_row][vc_row][vc_column width=&#8220;1\/2&#8243;][vc_column_text]<em><strong>Variante 2<\/strong>\u00a0\u2013 <strong><span style=\"color: #0000ff;\">Zu Hause &#8211; individuell<\/span><\/strong><\/em><\/p>\n<p>Zu Hause k\u00f6nnt Ihr den Spreewald-Marathon ebenfalls proben. Hier sucht Ihr Euch eine Strecke.<br \/>\nJe nach Streckenl\u00e4nge wird Euch dann die Gurke und sogar eine Urkunde per Post zugesendet.<br \/>\nAllerdings fallen hier zus\u00e4tzlich Portokosten an.<\/p>\n<p><strong>ABLAUF<\/strong><br \/>\n1. Das gesonderte<br \/>\n<span style=\"color: #0000ff;\"><strong><a style=\"color: #0000ff;\" href=\"https:\/\/www.lausitzer-sportevents.de\/anmeldung\/anm.php?N=2026040\" target=\"_blank\" rel=\"noopener noreferrer\">Online-Anmeldeformular Spreewald-Marathon \u201eganzj\u00e4hrig\u201c<\/a><\/strong><\/span><br \/>\nausf\u00fcllen.[\/vc_column_text][vc_row_inner][vc_column_inner width=&#8220;1\/4&#8243;][vc_column_text]<\/p>\n<p style=\"text-align: center;\"><a href=\"https:\/\/www.lausitzer-sportevents.de\/anmeldung\/anm.php?N=2026040\" target=\"_blank\" rel=\"noopener\"><img loading=\"lazy\" decoding=\"async\" class=\"aligncenter\" src=\"https:\/\/www.spreewaldmarathon.de\/SM\/image\/onlineanmeldung-ganzjahr-home.jpg\" alt=\"\" width=\"100\" height=\"143\" border=\"0\" \/><\/a><\/p>\n<p>[\/vc_column_text][\/vc_column_inner][vc_column_inner width=&#8220;1\/4&#8243;][\/vc_column_inner][vc_column_inner width=&#8220;1\/4&#8243;][\/vc_column_inner][vc_column_inner width=&#8220;1\/4&#8243;][\/vc_column_inner][\/vc_row_inner][vc_column_text]Die <span style=\"color: #0000ff;\"><strong><a style=\"color: #0000ff;\" href=\"https:\/\/www.lausitzer-sportevents.de\/anmeldung\/liste.php?N=2026040\" target=\"_blank\" rel=\"noopener noreferrer\">Meldeliste Spreewald-Marathon \u201eganzj\u00e4hrig\u201c<\/a><\/strong><\/span>.<br \/>\n2. Die Geb\u00fchr wird mit einmaligem elektronischen Lastschriftverfahren eingezogen<br \/>\n3. Strecke absolvieren<br \/>\n4. R\u00fccksendung des sportlichen T\u00e4tigkeitsnachweises (Streckenl\u00e4nge, Zeit, Fotos, Screenshot, Streckenf\u00fchrung optional, Daten in der Sporttracking-App) mit dem <span style=\"color: #0000ff;\"><strong><a style=\"color: #0000ff;\" href=\"https:\/\/spreewaldmarathon.de\/wpswm\/kontakt\/\" target=\"_blank\" rel=\"noopener\">Kontaktformular<\/a><\/strong><\/span>.<br \/>\n5. Pr\u00fcfung der Daten<br \/>\n6. Zusendung der streckenentsprechenden Gurkenmedaille und wenn gebucht, der Urkunde.<br \/>\nDie Urkunde kann erst nach Eingang des T\u00e4tigkeitsnachweises verschickt werden.[\/vc_column_text][\/vc_column][vc_column width=&#8220;1\/2&#8243;][vc_column_text]<em><strong>Variante 1<\/strong>\u00a0\u2013 <span style=\"color: #0000ff;\"><strong>Im Spreewald &#8211; individuell<\/strong><\/span><\/em><\/p>\n<p>Egal, wo Ihr im Spreewald unterwegs seid, sucht Euch selbst eine Strecke. Bitte beachtet bei der individuellen Nutzung ist die Stra\u00dfenverkehrsordnung zwingend einzuhalten. Skatern empfehlen wir in Burg die Nutzung des Wildbahnweges und der Stra\u00dfe nach Leipe. Fu\u00df- und Radwege k\u00f6nnen bei R\u00fccksichtnahme gegen\u00fcber anderen Sportlern gern genutzt werden.<\/p>\n<p><strong>ABLAUF<\/strong><br \/>\n1. Aufsuchen eines unserer Partner im Spreewald<br \/>\n2. Das Anmeldeformular aus dem Internet herunterladen, ausdrucken, ausf\u00fcllen und beim Partner abgeben.[\/vc_column_text][vc_row_inner][vc_column_inner width=&#8220;1\/4&#8243;][vc_column_text]<\/p>\n<p style=\"text-align: center;\"><a href=\"https:\/\/spreewaldmarathon.de\/wpswm\/wp-content\/uploads\/SM-2026-Anmeldeformulare_ganze_Jahr.pdf\" target=\"_blank\" rel=\"noopener\"><img loading=\"lazy\" decoding=\"async\" class=\"alignleft\" src=\"https:\/\/www.spreewaldmarathon.de\/SM\/image\/anmeldeformular-ganzjahr-vor-ort.jpg\" alt=\"\" width=\"100\" height=\"143\" border=\"0\" \/><\/a><\/p>\n<p>[\/vc_column_text][\/vc_column_inner][vc_column_inner width=&#8220;1\/4&#8243;][\/vc_column_inner][vc_column_inner width=&#8220;1\/4&#8243;][\/vc_column_inner][vc_column_inner width=&#8220;1\/4&#8243;][\/vc_column_inner][\/vc_row_inner][vc_column_text]3. Bitte vor Ort die Geb\u00fchr bezahlen.<br \/>\n4. Strecke aussuchen<br \/>\n5. Strecke absolvieren<br \/>\nNach der Zur\u00fccklegung der Strecke, nochmals Aufsuchen des Partners oder individuelle Absprache.<br \/>\n6. Pr\u00fcfung der Daten<br \/>\n7. \u00dcbergabe der Gurkenmedaille (je nach Streckenl\u00e4nge gibt es unterschiedliche Farben).<br \/>\n8. Wenn eine Urkunde gew\u00fcnscht wird, dann Zusendung des sportlichen T\u00e4tigkeitsnachweises (Streckenl\u00e4nge, Zeit, Fotos, Screenshot, Streckenf\u00fchrung optional, Daten in der Sporttracking-App) mit dem <span style=\"color: #0000ff;\"><strong><a style=\"color: #0000ff;\" href=\"https:\/\/spreewaldmarathon.de\/wpswm\/kontakt\/\" target=\"_blank\" rel=\"noopener\">Kontaktformular<\/a><\/strong><\/span>.[\/vc_column_text][\/vc_column][\/vc_row][vc_row][vc_column width=&#8220;1\/1&#8243;][vc_column_text]<\/p>\n<h3><span style=\"color: #0000ff;\">Unser Flyer zum ganzj\u00e4hrigen Spreewaldmarathon<\/span><\/h3>\n<p>[\/vc_column_text]<div class=\"single_image wpb_content_element align-left    \" data-animation=\"none\" data-delay=\"0\"><a href=\"https:\/\/spreewaldmarathon.de\/wpswm\/wp-content\/uploads\/SM-Flyer-Seite1-3-ganzjahr.jpg\" target=\"_blank\"><img loading=\"lazy\" decoding=\"async\" width=\"1400\" height=\"996\" src=\"https:\/\/spreewaldmarathon.de\/wpswm\/wp-content\/uploads\/SM-Flyer-Seite1-3-ganzjahr.jpg\" class=\"attachment-full\" alt=\"\" title=\"SM-Flyer-Seite1-3-ganzjahr\" srcset=\"https:\/\/spreewaldmarathon.de\/wpswm\/wp-content\/uploads\/SM-Flyer-Seite1-3-ganzjahr.jpg 1400w, https:\/\/spreewaldmarathon.de\/wpswm\/wp-content\/uploads\/SM-Flyer-Seite1-3-ganzjahr-300x213.jpg 300w, https:\/\/spreewaldmarathon.de\/wpswm\/wp-content\/uploads\/SM-Flyer-Seite1-3-ganzjahr-768x546.jpg 768w\" sizes=\"(max-width: 1400px) 100vw, 1400px\" \/><\/a><\/div>[vc_column_text]<span style=\"color: #000000;\">Bitte beachtet die \u00d6ffnungszeiten.<\/span><br \/>\n<span style=\"color: #000000;\">Sollten unsere Partner verhindert | nicht anwesend sein, so schickt uns euer T\u00e4tigkeitsnachweis und wir senden euch Medaille und Urkunde per Post zu.<\/span>[\/vc_column_text][\/vc_column][\/vc_row]<\/p>\n<\/div>","protected":false},"excerpt":{"rendered":"<p>[vc_row][vc_column width=&#8220;1\/1&#8243;][vc_column_text] Gold, Silber, Bronze, Gr\u00fcn, Blau, Lila &#8211; Gurkenmedaille ganzj\u00e4hrig zu haben [\/vc_column_text][vc_column_text] Die Spreewaldgurke in gr\u00fcn, blau, lila, gold, silber und bronze gibt es jedes Jahr auch &#8222;ganzj\u00e4hrig&#8220;! Unsere 6 Gurkensorten k\u00f6nnt ihr auch\u00a0ganzj\u00e4hrig, zu Hause\u00a0oder beim\u00a0Bootshaus Leineweber, sowie\u00a0SUP Martin Fix, in\u00a0Burg im Spreewald\u00a0sportlich aktiv erwerben. Verbindet einen Ausflug oder Urlaub im Spreewald mit dem Erwerb einer Gurke oder des gesamten Gurkensortimentes. Sorgt f\u00fcr eine reiche Ernte. Auch im Winter hat der Spreewald mit seinen idyllischen Flie\u00dfen seine Reize. Habt Ihr Fragen, so schreibt uns \u00fcber unser Kontaktformular .[\/vc_column_text][\/vc_column][\/vc_row][vc_row][vc_column width=&#8220;1\/2&#8243;][vc_column_text]Variante 2\u00a0\u2013 Zu Hause &#8211; individuell Zu Hause k\u00f6nnt Ihr den Spreewald-Marathon ebenfalls proben. Hier sucht Ihr Euch eine Strecke. Je nach Streckenl\u00e4nge wird Euch dann die Gurke und sogar eine Urkunde per Post zugesendet. Allerdings fallen hier zus\u00e4tzlich Portokosten an. ABLAUF 1. Das gesonderte Online-Anmeldeformular Spreewald-Marathon \u201eganzj\u00e4hrig\u201c ausf\u00fcllen.[\/vc_column_text][vc_row_inner][vc_column_inner width=&#8220;1\/4&#8243;][vc_column_text] [\/vc_column_text][\/vc_column_inner][vc_column_inner width=&#8220;1\/4&#8243;][\/vc_column_inner][vc_column_inner width=&#8220;1\/4&#8243;][\/vc_column_inner][vc_column_inner width=&#8220;1\/4&#8243;][\/vc_column_inner][\/vc_row_inner][vc_column_text]Die Meldeliste Spreewald-Marathon \u201eganzj\u00e4hrig\u201c. 2. Die Geb\u00fchr wird mit einmaligem elektronischen Lastschriftverfahren eingezogen 3. Strecke absolvieren 4. R\u00fccksendung des sportlichen T\u00e4tigkeitsnachweises (Streckenl\u00e4nge, Zeit, Fotos, Screenshot, Streckenf\u00fchrung optional, Daten in der Sporttracking-App) mit dem Kontaktformular. 5. Pr\u00fcfung der Daten 6. Zusendung der streckenentsprechenden Gurkenmedaille und wenn gebucht, der Urkunde. Die Urkunde kann erst nach Eingang des T\u00e4tigkeitsnachweises [&hellip;]<\/p>\n","protected":false},"author":1,"featured_media":0,"parent":0,"menu_order":0,"comment_status":"closed","ping_status":"closed","template":"","meta":{"footnotes":""},"class_list":["post-20849","page","type-page","status-publish","hentry"],"yoast_head":"<!-- This site is optimized with the Yoast SEO plugin v25.6 - https:\/\/yoast.com\/wordpress\/plugins\/seo\/ -->\n<title>Spreewaldmarathon virtuell | ganzj\u00e4hrig - SPREEWALDMARATHON<\/title>\n<meta name=\"robots\" content=\"index, follow, max-snippet:-1, max-image-preview:large, max-video-preview:-1\" \/>\n<link rel=\"canonical\" href=\"https:\/\/spreewaldmarathon.de\/wpswm\/ganzjaehrig\/\" \/>\n<meta property=\"og:locale\" content=\"de_DE\" \/>\n<meta property=\"og:type\" content=\"article\" \/>\n<meta property=\"og:title\" content=\"Spreewaldmarathon virtuell | ganzj\u00e4hrig - SPREEWALDMARATHON\" \/>\n<meta property=\"og:description\" content=\"[vc_row][vc_column width=&#8220;1\/1&#8243;][vc_column_text] Gold, Silber, Bronze, Gr\u00fcn, Blau, Lila &#8211; Gurkenmedaille ganzj\u00e4hrig zu haben [\/vc_column_text][vc_column_text] Die Spreewaldgurke in gr\u00fcn, blau, lila, gold, silber und bronze gibt es jedes Jahr auch &#8222;ganzj\u00e4hrig&#8220;! Unsere 6 Gurkensorten k\u00f6nnt ihr auch\u00a0ganzj\u00e4hrig, zu Hause\u00a0oder beim\u00a0Bootshaus Leineweber, sowie\u00a0SUP Martin Fix, in\u00a0Burg im Spreewald\u00a0sportlich aktiv erwerben. Verbindet einen Ausflug oder Urlaub im Spreewald mit dem Erwerb einer Gurke oder des gesamten Gurkensortimentes. Sorgt f\u00fcr eine reiche Ernte. Auch im Winter hat der Spreewald mit seinen idyllischen Flie\u00dfen seine Reize. Habt Ihr Fragen, so schreibt uns \u00fcber unser Kontaktformular .[\/vc_column_text][\/vc_column][\/vc_row][vc_row][vc_column width=&#8220;1\/2&#8243;][vc_column_text]Variante 2\u00a0\u2013 Zu Hause &#8211; individuell Zu Hause k\u00f6nnt Ihr den Spreewald-Marathon ebenfalls proben. Hier sucht Ihr Euch eine Strecke. Je nach Streckenl\u00e4nge wird Euch dann die Gurke und sogar eine Urkunde per Post zugesendet. Allerdings fallen hier zus\u00e4tzlich Portokosten an. ABLAUF 1. Das gesonderte Online-Anmeldeformular Spreewald-Marathon \u201eganzj\u00e4hrig\u201c ausf\u00fcllen.[\/vc_column_text][vc_row_inner][vc_column_inner width=&#8220;1\/4&#8243;][vc_column_text] [\/vc_column_text][\/vc_column_inner][vc_column_inner width=&#8220;1\/4&#8243;][\/vc_column_inner][vc_column_inner width=&#8220;1\/4&#8243;][\/vc_column_inner][vc_column_inner width=&#8220;1\/4&#8243;][\/vc_column_inner][\/vc_row_inner][vc_column_text]Die Meldeliste Spreewald-Marathon \u201eganzj\u00e4hrig\u201c. 2. Die Geb\u00fchr wird mit einmaligem elektronischen Lastschriftverfahren eingezogen 3. Strecke absolvieren 4. R\u00fccksendung des sportlichen T\u00e4tigkeitsnachweises (Streckenl\u00e4nge, Zeit, Fotos, Screenshot, Streckenf\u00fchrung optional, Daten in der Sporttracking-App) mit dem Kontaktformular. 5. Pr\u00fcfung der Daten 6. Zusendung der streckenentsprechenden Gurkenmedaille und wenn gebucht, der Urkunde. Die Urkunde kann erst nach Eingang des T\u00e4tigkeitsnachweises [&hellip;]\" \/>\n<meta property=\"og:url\" content=\"https:\/\/spreewaldmarathon.de\/wpswm\/ganzjaehrig\/\" \/>\n<meta property=\"og:site_name\" content=\"SPREEWALDMARATHON\" \/>\n<meta property=\"article:publisher\" content=\"https:\/\/www.facebook.com\/SpreewaldMarathon\" \/>\n<meta property=\"article:modified_time\" content=\"2026-04-06T11:29:30+00:00\" \/>\n<meta property=\"og:image\" content=\"https:\/\/www.spreewaldmarathon.de\/SM\/image\/onlineanmeldung-ganzjahr-home.jpg\" \/>\n<meta name=\"twitter:card\" content=\"summary_large_image\" \/>\n<meta name=\"twitter:site\" content=\"@spreewaldmarath\" \/>\n<meta name=\"twitter:label1\" content=\"Gesch\u00e4tzte Lesezeit\" \/>\n\t<meta name=\"twitter:data1\" content=\"4\u00a0Minuten\" \/>\n<script type=\"application\/ld+json\" class=\"yoast-schema-graph\">{\"@context\":\"https:\/\/schema.org\",\"@graph\":[{\"@type\":\"WebPage\",\"@id\":\"https:\/\/spreewaldmarathon.de\/wpswm\/ganzjaehrig\/\",\"url\":\"https:\/\/spreewaldmarathon.de\/wpswm\/ganzjaehrig\/\",\"name\":\"Spreewaldmarathon virtuell | ganzj\u00e4hrig - SPREEWALDMARATHON\",\"isPartOf\":{\"@id\":\"https:\/\/spreewaldmarathon.de\/wpswm\/#website\"},\"primaryImageOfPage\":{\"@id\":\"https:\/\/spreewaldmarathon.de\/wpswm\/ganzjaehrig\/#primaryimage\"},\"image\":{\"@id\":\"https:\/\/spreewaldmarathon.de\/wpswm\/ganzjaehrig\/#primaryimage\"},\"thumbnailUrl\":\"https:\/\/www.spreewaldmarathon.de\/SM\/image\/onlineanmeldung-ganzjahr-home.jpg\",\"datePublished\":\"2020-11-08T20:45:52+00:00\",\"dateModified\":\"2026-04-06T11:29:30+00:00\",\"breadcrumb\":{\"@id\":\"https:\/\/spreewaldmarathon.de\/wpswm\/ganzjaehrig\/#breadcrumb\"},\"inLanguage\":\"de\",\"potentialAction\":[{\"@type\":\"ReadAction\",\"target\":[\"https:\/\/spreewaldmarathon.de\/wpswm\/ganzjaehrig\/\"]}]},{\"@type\":\"ImageObject\",\"inLanguage\":\"de\",\"@id\":\"https:\/\/spreewaldmarathon.de\/wpswm\/ganzjaehrig\/#primaryimage\",\"url\":\"https:\/\/www.spreewaldmarathon.de\/SM\/image\/onlineanmeldung-ganzjahr-home.jpg\",\"contentUrl\":\"https:\/\/www.spreewaldmarathon.de\/SM\/image\/onlineanmeldung-ganzjahr-home.jpg\"},{\"@type\":\"BreadcrumbList\",\"@id\":\"https:\/\/spreewaldmarathon.de\/wpswm\/ganzjaehrig\/#breadcrumb\",\"itemListElement\":[{\"@type\":\"ListItem\",\"position\":1,\"name\":\"Home\",\"item\":\"https:\/\/spreewaldmarathon.de\/wpswm\/\"},{\"@type\":\"ListItem\",\"position\":2,\"name\":\"Spreewaldmarathon virtuell | ganzj\u00e4hrig\"}]},{\"@type\":\"WebSite\",\"@id\":\"https:\/\/spreewaldmarathon.de\/wpswm\/#website\",\"url\":\"https:\/\/spreewaldmarathon.de\/wpswm\/\",\"name\":\"SPREEWALDMARATHON\",\"description\":\"Alles rund um den Spreewaldmarathon\",\"publisher\":{\"@id\":\"https:\/\/spreewaldmarathon.de\/wpswm\/#organization\"},\"potentialAction\":[{\"@type\":\"SearchAction\",\"target\":{\"@type\":\"EntryPoint\",\"urlTemplate\":\"https:\/\/spreewaldmarathon.de\/wpswm\/?s={search_term_string}\"},\"query-input\":{\"@type\":\"PropertyValueSpecification\",\"valueRequired\":true,\"valueName\":\"search_term_string\"}}],\"inLanguage\":\"de\"},{\"@type\":\"Organization\",\"@id\":\"https:\/\/spreewaldmarathon.de\/wpswm\/#organization\",\"name\":\"Lausitzer Sportevents e.V.\",\"url\":\"https:\/\/spreewaldmarathon.de\/wpswm\/\",\"logo\":{\"@type\":\"ImageObject\",\"inLanguage\":\"de\",\"@id\":\"https:\/\/spreewaldmarathon.de\/wpswm\/#\/schema\/logo\/image\/\",\"url\":\"https:\/\/spreewaldmarathon.de\/wpswm\/wp-content\/uploads\/2020\/06\/Banner_LSE-1.jpg\",\"contentUrl\":\"https:\/\/spreewaldmarathon.de\/wpswm\/wp-content\/uploads\/2020\/06\/Banner_LSE-1.jpg\",\"width\":2211,\"height\":624,\"caption\":\"Lausitzer Sportevents e.V.\"},\"image\":{\"@id\":\"https:\/\/spreewaldmarathon.de\/wpswm\/#\/schema\/logo\/image\/\"},\"sameAs\":[\"https:\/\/www.facebook.com\/SpreewaldMarathon\",\"https:\/\/x.com\/spreewaldmarath\",\"https:\/\/www.instagram.com\/spreewaldmarathon\",\"https:\/\/www.youtube.com\/results?search_query=spreewaldmarathon\",\"https:\/\/de.wikipedia.org\/wiki\/Spreewald-Marathon\"]}]}<\/script>\n<!-- \/ Yoast SEO plugin. -->","yoast_head_json":{"title":"Spreewaldmarathon virtuell | ganzj\u00e4hrig - SPREEWALDMARATHON","robots":{"index":"index","follow":"follow","max-snippet":"max-snippet:-1","max-image-preview":"max-image-preview:large","max-video-preview":"max-video-preview:-1"},"canonical":"https:\/\/spreewaldmarathon.de\/wpswm\/ganzjaehrig\/","og_locale":"de_DE","og_type":"article","og_title":"Spreewaldmarathon virtuell | ganzj\u00e4hrig - SPREEWALDMARATHON","og_description":"[vc_row][vc_column width=&#8220;1\/1&#8243;][vc_column_text] Gold, Silber, Bronze, Gr\u00fcn, Blau, Lila &#8211; Gurkenmedaille ganzj\u00e4hrig zu haben [\/vc_column_text][vc_column_text] Die Spreewaldgurke in gr\u00fcn, blau, lila, gold, silber und bronze gibt es jedes Jahr auch &#8222;ganzj\u00e4hrig&#8220;! Unsere 6 Gurkensorten k\u00f6nnt ihr auch\u00a0ganzj\u00e4hrig, zu Hause\u00a0oder beim\u00a0Bootshaus Leineweber, sowie\u00a0SUP Martin Fix, in\u00a0Burg im Spreewald\u00a0sportlich aktiv erwerben. Verbindet einen Ausflug oder Urlaub im Spreewald mit dem Erwerb einer Gurke oder des gesamten Gurkensortimentes. Sorgt f\u00fcr eine reiche Ernte. Auch im Winter hat der Spreewald mit seinen idyllischen Flie\u00dfen seine Reize. Habt Ihr Fragen, so schreibt uns \u00fcber unser Kontaktformular .[\/vc_column_text][\/vc_column][\/vc_row][vc_row][vc_column width=&#8220;1\/2&#8243;][vc_column_text]Variante 2\u00a0\u2013 Zu Hause &#8211; individuell Zu Hause k\u00f6nnt Ihr den Spreewald-Marathon ebenfalls proben. Hier sucht Ihr Euch eine Strecke. Je nach Streckenl\u00e4nge wird Euch dann die Gurke und sogar eine Urkunde per Post zugesendet. Allerdings fallen hier zus\u00e4tzlich Portokosten an. ABLAUF 1. Das gesonderte Online-Anmeldeformular Spreewald-Marathon \u201eganzj\u00e4hrig\u201c ausf\u00fcllen.[\/vc_column_text][vc_row_inner][vc_column_inner width=&#8220;1\/4&#8243;][vc_column_text] [\/vc_column_text][\/vc_column_inner][vc_column_inner width=&#8220;1\/4&#8243;][\/vc_column_inner][vc_column_inner width=&#8220;1\/4&#8243;][\/vc_column_inner][vc_column_inner width=&#8220;1\/4&#8243;][\/vc_column_inner][\/vc_row_inner][vc_column_text]Die Meldeliste Spreewald-Marathon \u201eganzj\u00e4hrig\u201c. 2. Die Geb\u00fchr wird mit einmaligem elektronischen Lastschriftverfahren eingezogen 3. Strecke absolvieren 4. R\u00fccksendung des sportlichen T\u00e4tigkeitsnachweises (Streckenl\u00e4nge, Zeit, Fotos, Screenshot, Streckenf\u00fchrung optional, Daten in der Sporttracking-App) mit dem Kontaktformular. 5. Pr\u00fcfung der Daten 6. Zusendung der streckenentsprechenden Gurkenmedaille und wenn gebucht, der Urkunde. Die Urkunde kann erst nach Eingang des T\u00e4tigkeitsnachweises [&hellip;]","og_url":"https:\/\/spreewaldmarathon.de\/wpswm\/ganzjaehrig\/","og_site_name":"SPREEWALDMARATHON","article_publisher":"https:\/\/www.facebook.com\/SpreewaldMarathon","article_modified_time":"2026-04-06T11:29:30+00:00","og_image":[{"url":"https:\/\/www.spreewaldmarathon.de\/SM\/image\/onlineanmeldung-ganzjahr-home.jpg","type":"","width":"","height":""}],"twitter_card":"summary_large_image","twitter_site":"@spreewaldmarath","twitter_misc":{"Gesch\u00e4tzte Lesezeit":"4\u00a0Minuten"},"schema":{"@context":"https:\/\/schema.org","@graph":[{"@type":"WebPage","@id":"https:\/\/spreewaldmarathon.de\/wpswm\/ganzjaehrig\/","url":"https:\/\/spreewaldmarathon.de\/wpswm\/ganzjaehrig\/","name":"Spreewaldmarathon virtuell | ganzj\u00e4hrig - SPREEWALDMARATHON","isPartOf":{"@id":"https:\/\/spreewaldmarathon.de\/wpswm\/#website"},"primaryImageOfPage":{"@id":"https:\/\/spreewaldmarathon.de\/wpswm\/ganzjaehrig\/#primaryimage"},"image":{"@id":"https:\/\/spreewaldmarathon.de\/wpswm\/ganzjaehrig\/#primaryimage"},"thumbnailUrl":"https:\/\/www.spreewaldmarathon.de\/SM\/image\/onlineanmeldung-ganzjahr-home.jpg","datePublished":"2020-11-08T20:45:52+00:00","dateModified":"2026-04-06T11:29:30+00:00","breadcrumb":{"@id":"https:\/\/spreewaldmarathon.de\/wpswm\/ganzjaehrig\/#breadcrumb"},"inLanguage":"de","potentialAction":[{"@type":"ReadAction","target":["https:\/\/spreewaldmarathon.de\/wpswm\/ganzjaehrig\/"]}]},{"@type":"ImageObject","inLanguage":"de","@id":"https:\/\/spreewaldmarathon.de\/wpswm\/ganzjaehrig\/#primaryimage","url":"https:\/\/www.spreewaldmarathon.de\/SM\/image\/onlineanmeldung-ganzjahr-home.jpg","contentUrl":"https:\/\/www.spreewaldmarathon.de\/SM\/image\/onlineanmeldung-ganzjahr-home.jpg"},{"@type":"BreadcrumbList","@id":"https:\/\/spreewaldmarathon.de\/wpswm\/ganzjaehrig\/#breadcrumb","itemListElement":[{"@type":"ListItem","position":1,"name":"Home","item":"https:\/\/spreewaldmarathon.de\/wpswm\/"},{"@type":"ListItem","position":2,"name":"Spreewaldmarathon virtuell | ganzj\u00e4hrig"}]},{"@type":"WebSite","@id":"https:\/\/spreewaldmarathon.de\/wpswm\/#website","url":"https:\/\/spreewaldmarathon.de\/wpswm\/","name":"SPREEWALDMARATHON","description":"Alles rund um den Spreewaldmarathon","publisher":{"@id":"https:\/\/spreewaldmarathon.de\/wpswm\/#organization"},"potentialAction":[{"@type":"SearchAction","target":{"@type":"EntryPoint","urlTemplate":"https:\/\/spreewaldmarathon.de\/wpswm\/?s={search_term_string}"},"query-input":{"@type":"PropertyValueSpecification","valueRequired":true,"valueName":"search_term_string"}}],"inLanguage":"de"},{"@type":"Organization","@id":"https:\/\/spreewaldmarathon.de\/wpswm\/#organization","name":"Lausitzer Sportevents e.V.","url":"https:\/\/spreewaldmarathon.de\/wpswm\/","logo":{"@type":"ImageObject","inLanguage":"de","@id":"https:\/\/spreewaldmarathon.de\/wpswm\/#\/schema\/logo\/image\/","url":"https:\/\/spreewaldmarathon.de\/wpswm\/wp-content\/uploads\/2020\/06\/Banner_LSE-1.jpg","contentUrl":"https:\/\/spreewaldmarathon.de\/wpswm\/wp-content\/uploads\/2020\/06\/Banner_LSE-1.jpg","width":2211,"height":624,"caption":"Lausitzer Sportevents e.V."},"image":{"@id":"https:\/\/spreewaldmarathon.de\/wpswm\/#\/schema\/logo\/image\/"},"sameAs":["https:\/\/www.facebook.com\/SpreewaldMarathon","https:\/\/x.com\/spreewaldmarath","https:\/\/www.instagram.com\/spreewaldmarathon","https:\/\/www.youtube.com\/results?search_query=spreewaldmarathon","https:\/\/de.wikipedia.org\/wiki\/Spreewald-Marathon"]}]}},"_links":{"self":[{"href":"https:\/\/spreewaldmarathon.de\/wpswm\/wp-json\/wp\/v2\/pages\/20849"}],"collection":[{"href":"https:\/\/spreewaldmarathon.de\/wpswm\/wp-json\/wp\/v2\/pages"}],"about":[{"href":"https:\/\/spreewaldmarathon.de\/wpswm\/wp-json\/wp\/v2\/types\/page"}],"author":[{"embeddable":true,"href":"https:\/\/spreewaldmarathon.de\/wpswm\/wp-json\/wp\/v2\/users\/1"}],"replies":[{"embeddable":true,"href":"https:\/\/spreewaldmarathon.de\/wpswm\/wp-json\/wp\/v2\/comments?post=20849"}],"version-history":[{"count":202,"href":"https:\/\/spreewaldmarathon.de\/wpswm\/wp-json\/wp\/v2\/pages\/20849\/revisions"}],"predecessor-version":[{"id":28934,"href":"https:\/\/spreewaldmarathon.de\/wpswm\/wp-json\/wp\/v2\/pages\/20849\/revisions\/28934"}],"wp:attachment":[{"href":"https:\/\/spreewaldmarathon.de\/wpswm\/wp-json\/wp\/v2\/media?parent=20849"}],"curies":[{"name":"wp","href":"https:\/\/api.w.org\/{rel}","templated":true}]}}