{"version":"1.0","provider_name":"SPREEWALDMARATHON","provider_url":"https:\/\/spreewaldmarathon.de\/wpswm","author_name":"admin","author_url":"https:\/\/spreewaldmarathon.de\/wpswm\/author\/wpswm_chefredakteur\/","title":"Radstreckenkarten | kml und gpx-Daten - SPREEWALDMARATHON","type":"rich","width":600,"height":338,"html":"<blockquote class=\"wp-embedded-content\" data-secret=\"aTqOZOjNZc\"><a href=\"https:\/\/spreewaldmarathon.de\/wpswm\/radstreckenkarten-kml-gpx\/\">Radstreckenkarten | kml und gpx-Daten<\/a><\/blockquote><iframe sandbox=\"allow-scripts\" security=\"restricted\" src=\"https:\/\/spreewaldmarathon.de\/wpswm\/radstreckenkarten-kml-gpx\/embed\/#?secret=aTqOZOjNZc\" width=\"600\" height=\"338\" title=\"&#8222;Radstreckenkarten | kml und gpx-Daten&#8220; &#8211; SPREEWALDMARATHON\" data-secret=\"aTqOZOjNZc\" frameborder=\"0\" marginwidth=\"0\" marginheight=\"0\" scrolling=\"no\" class=\"wp-embedded-content\"><\/iframe><script type=\"text\/javascript\">\n\/* <![CDATA[ *\/\n\/*! This file is auto-generated *\/\n!function(d,l){\"use strict\";l.querySelector&&d.addEventListener&&\"undefined\"!=typeof URL&&(d.wp=d.wp||{},d.wp.receiveEmbedMessage||(d.wp.receiveEmbedMessage=function(e){var t=e.data;if((t||t.secret||t.message||t.value)&&!\/[^a-zA-Z0-9]\/.test(t.secret)){for(var s,r,n,a=l.querySelectorAll('iframe[data-secret=\"'+t.secret+'\"]'),o=l.querySelectorAll('blockquote[data-secret=\"'+t.secret+'\"]'),c=new RegExp(\"^https?:$\",\"i\"),i=0;i<o.length;i++)o[i].style.display=\"none\";for(i=0;i<a.length;i++)s=a[i],e.source===s.contentWindow&&(s.removeAttribute(\"style\"),\"height\"===t.message?(1e3<(r=parseInt(t.value,10))?r=1e3:~~r<200&&(r=200),s.height=r):\"link\"===t.message&&(r=new URL(s.getAttribute(\"src\")),n=new URL(t.value),c.test(n.protocol))&&n.host===r.host&&l.activeElement===s&&(d.top.location.href=t.value))}},d.addEventListener(\"message\",d.wp.receiveEmbedMessage,!1),l.addEventListener(\"DOMContentLoaded\",function(){for(var e,t,s=l.querySelectorAll(\"iframe.wp-embedded-content\"),r=0;r<s.length;r++)(t=(e=s[r]).getAttribute(\"data-secret\"))||(t=Math.random().toString(36).substring(2,12),e.src+=\"#?secret=\"+t,e.setAttribute(\"data-secret\",t)),e.contentWindow.postMessage({message:\"ready\",secret:t},\"*\")},!1)))}(window,document);\n\/* ]]> *\/\n<\/script>\n","description":"[vc_row][vc_column width=&#8220;1\/1&#8243;][vc_row_inner][vc_column_inner css=&#8220;.vc_custom_1590692103229{padding: 1px !important;}&#8220;][vc_column_text] Radsportler welche merken, dass Ihnen die Muskelkraft ausgeht, sollten sich nicht scheuen, aus gesundheitlichen Gr\u00fcnden, ihre Roue abzuk\u00fcrzen! Keine Teilnahme ohne offizielle Startnummer!!\u00a0 Schwarzfahrer sind unerw\u00fcnscht! [\/vc_column_text][\/vc_column_inner][\/vc_row_inner][\/vc_column][\/vc_row][vc_row][vc_column width=&#8220;1\/1&#8243;][vc_row_inner][vc_column_inner css=&#8220;.vc_custom_1590692103229{padding: 1px !important;}&#8220;][vc_column_text] 1. Start: 06.45 Uhr in L\u00fcbbenau 2. Start: 07.00 Uhr in L\u00fcbbenau 3. Start: 07.15 Uhr in L\u00fcbbenau 4. Start: 07.30 Uhr in L\u00fcbbenau 5. Start: 07.45 Uhr in L\u00fcbbenau 6. Start: 08.00 Uhr in L\u00fcbbenau 7. Start: 08.15 Uhr in L\u00fcbbenau [\/vc_column_text][\/vc_column_inner][\/vc_row_inner][\/vc_column][\/vc_row][vc_row][vc_column width=&#8220;1\/1&#8243;][vc_row_inner][vc_column_inner css=&#8220;.vc_custom_1590692103229{padding: 1px !important;}&#8220;][vc_column_text] Start: 07.30 Uhr in Burg [\/vc_column_text][\/vc_column_inner][\/vc_row_inner][\/vc_column][\/vc_row][vc_row][vc_column width=&#8220;1\/1&#8243;][vc_row_inner][vc_column_inner css=&#8220;.vc_custom_1590692103229{padding: 1px !important;}&#8220;][vc_column_text] 1. Start: 08.30 Uhr in L\u00fcbbenau 2. Start: 08.45 Uhr in L\u00fcbbenau 3. Start: 09.00 Uhr in L\u00fcbbenau 4. Start: 09.15 Uhr in L\u00fcbbenau 5. Start: 09.30 Uhr in L\u00fcbbenau [\/vc_column_text][\/vc_column_inner][\/vc_row_inner][\/vc_column][\/vc_row][vc_row][vc_column width=&#8220;1\/1&#8243;][vc_row_inner][vc_column_inner css=&#8220;.vc_custom_1590692103229{padding: 1px !important;}&#8220;][vc_column_text] 1. Start: 09.45 Uhr in L\u00fcbbenau 2. Start: 10.00 Uhr in L\u00fcbbenau [\/vc_column_text][\/vc_column_inner][\/vc_row_inner][\/vc_column][\/vc_row][vc_row][vc_column width=&#8220;1\/1&#8243;][vc_row_inner][vc_column_inner css=&#8220;.vc_custom_1590692103229{padding: 1px !important;}&#8220;][vc_column_text] 1. Start: 09.00 Uhr in Burg [\/vc_column_text][\/vc_column_inner][\/vc_row_inner][\/vc_column][\/vc_row][vc_row][vc_column width=&#8220;1\/1&#8243;][vc_row_inner][vc_column_inner css=&#8220;.vc_custom_1590692103229{padding: 1px !important;}&#8220;][vc_column_text] Start: 10.30 Uhr in Burg [\/vc_column_text][\/vc_column_inner][\/vc_row_inner][\/vc_column][\/vc_row][vc_row][vc_column width=&#8220;1\/1&#8243;][vc_row_inner][vc_column_inner css=&#8220;.vc_custom_1590692103229{padding: 1px !important;}&#8220;][vc_column_text] Start: 10.00 Uhr in Burg [\/vc_column_text][\/vc_column_inner][\/vc_row_inner][\/vc_column][\/vc_row][vc_row][vc_column width=&#8220;1\/1&#8243;][vc_row_inner][vc_column_inner css=&#8220;.vc_custom_1590692103229{padding: 1px !important;}&#8220;][vc_column_text] Start: 11.00 Uhr in L\u00fcbbenau am Spreeweltenbad [\/vc_column_text][\/vc_column_inner][\/vc_row_inner][\/vc_column][\/vc_row][vc_row][vc_column width=&#8220;1\/1&#8243;][vc_column_text] Hinweis Datenformate .gpx: Geeignet f\u00fcr alle erh\u00e4ltlichen Garmin Navigationsger\u00e4te. Die daf\u00fcr notwendige kartographische Software erhalten [&hellip;]"}

[vc_row][vc_column width=&#8220;1/1&#8243;][vc_row_inner][vc_column_inner css=&#8220;.vc_custom_1590692103229{padding: 1px !important;}&#8220;][vc_column_text] Radsportler welche merken, dass Ihnen die Muskelkraft ausgeht, sollten sich nicht scheuen, aus gesundheitlichen Gründen, ihre Roue abzukürzen! Keine Teilnahme ohne offizielle Startnummer!!  Schwarzfahrer sind unerwünscht! [/vc_column_text][/vc_column_inner][/vc_row_inner][/vc_column][/vc_row][vc_row][vc_column width=&#8220;1/1&#8243;][vc_row_inner][vc_column_inner css=&#8220;.vc_custom_1590692103229{padding: 1px !important;}&#8220;][vc_column_text] 1. Start: 06.45 Uhr in Lübbenau 2. Start: 07.00 Uhr in Lübbenau 3. Start: 07.15 Uhr in Lübbenau 4. Start: 07.30 Uhr in Lübbenau 5. Start: 07.45 Uhr in Lübbenau 6. Start: 08.00 Uhr in Lübbenau 7. Start: 08.15 Uhr in Lübbenau [/vc_column_text][/vc_column_inner][/vc_row_inner][/vc_column][/vc_row][vc_row][vc_column width=&#8220;1/1&#8243;][vc_row_inner][vc_column_inner css=&#8220;.vc_custom_1590692103229{padding: 1px !important;}&#8220;][vc_column_text] Start: 07.30 Uhr in Burg [/vc_column_text][/vc_column_inner][/vc_row_inner][/vc_column][/vc_row][vc_row][vc_column width=&#8220;1/1&#8243;][vc_row_inner][vc_column_inner css=&#8220;.vc_custom_1590692103229{padding: 1px !important;}&#8220;][vc_column_text] 1. Start: 08.30 Uhr in Lübbenau 2. Start: 08.45 Uhr in Lübbenau 3. Start: 09.00 Uhr in Lübbenau 4. Start: 09.15 Uhr in Lübbenau 5. Start: 09.30 Uhr in Lübbenau [/vc_column_text][/vc_column_inner][/vc_row_inner][/vc_column][/vc_row][vc_row][vc_column width=&#8220;1/1&#8243;][vc_row_inner][vc_column_inner css=&#8220;.vc_custom_1590692103229{padding: 1px !important;}&#8220;][vc_column_text] 1. Start: 09.45 Uhr in Lübbenau 2. Start: 10.00 Uhr in Lübbenau [/vc_column_text][/vc_column_inner][/vc_row_inner][/vc_column][/vc_row][vc_row][vc_column width=&#8220;1/1&#8243;][vc_row_inner][vc_column_inner css=&#8220;.vc_custom_1590692103229{padding: 1px !important;}&#8220;][vc_column_text] 1. Start: 09.00 Uhr in Burg [/vc_column_text][/vc_column_inner][/vc_row_inner][/vc_column][/vc_row][vc_row][vc_column width=&#8220;1/1&#8243;][vc_row_inner][vc_column_inner css=&#8220;.vc_custom_1590692103229{padding: 1px !important;}&#8220;][vc_column_text] Start: 10.30 Uhr in Burg [/vc_column_text][/vc_column_inner][/vc_row_inner][/vc_column][/vc_row][vc_row][vc_column width=&#8220;1/1&#8243;][vc_row_inner][vc_column_inner css=&#8220;.vc_custom_1590692103229{padding: 1px !important;}&#8220;][vc_column_text] Start: 10.00 Uhr in Burg [/vc_column_text][/vc_column_inner][/vc_row_inner][/vc_column][/vc_row][vc_row][vc_column width=&#8220;1/1&#8243;][vc_row_inner][vc_column_inner css=&#8220;.vc_custom_1590692103229{padding: 1px !important;}&#8220;][vc_column_text] Start: 11.00 Uhr in Lübbenau am Spreeweltenbad [/vc_column_text][/vc_column_inner][/vc_row_inner][/vc_column][/vc_row][vc_row][vc_column width=&#8220;1/1&#8243;][vc_column_text] Hinweis Datenformate .gpx: Geeignet für alle erhältlichen Garmin Navigationsgeräte. Die dafür notwendige kartographische Software erhalten [&hellip;]
