{"version":"1.0","provider_name":"SPREEWALDMARATHON","provider_url":"https:\/\/spreewaldmarathon.de\/wpswm","author_name":"admin","author_url":"https:\/\/spreewaldmarathon.de\/wpswm\/author\/wpswm_chefredakteur\/","title":"17. Frostwiesenlauf am 10.02.2019 - SPREEWALDMARATHON","type":"rich","width":600,"height":338,"html":"<blockquote class=\"wp-embedded-content\" data-secret=\"w0My29U8rr\"><a href=\"https:\/\/spreewaldmarathon.de\/wpswm\/frostwiesenlauf-2019\/\">17. Frostwiesenlauf am 10.02.2019<\/a><\/blockquote><iframe sandbox=\"allow-scripts\" security=\"restricted\" src=\"https:\/\/spreewaldmarathon.de\/wpswm\/frostwiesenlauf-2019\/embed\/#?secret=w0My29U8rr\" width=\"600\" height=\"338\" title=\"&#8222;17. Frostwiesenlauf am 10.02.2019&#8220; &#8211; SPREEWALDMARATHON\" data-secret=\"w0My29U8rr\" frameborder=\"0\" marginwidth=\"0\" marginheight=\"0\" scrolling=\"no\" class=\"wp-embedded-content\"><\/iframe><script type=\"text\/javascript\">\n\/* <![CDATA[ *\/\n\/*! This file is auto-generated *\/\n!function(d,l){\"use strict\";l.querySelector&&d.addEventListener&&\"undefined\"!=typeof URL&&(d.wp=d.wp||{},d.wp.receiveEmbedMessage||(d.wp.receiveEmbedMessage=function(e){var t=e.data;if((t||t.secret||t.message||t.value)&&!\/[^a-zA-Z0-9]\/.test(t.secret)){for(var s,r,n,a=l.querySelectorAll('iframe[data-secret=\"'+t.secret+'\"]'),o=l.querySelectorAll('blockquote[data-secret=\"'+t.secret+'\"]'),c=new RegExp(\"^https?:$\",\"i\"),i=0;i<o.length;i++)o[i].style.display=\"none\";for(i=0;i<a.length;i++)s=a[i],e.source===s.contentWindow&&(s.removeAttribute(\"style\"),\"height\"===t.message?(1e3<(r=parseInt(t.value,10))?r=1e3:~~r<200&&(r=200),s.height=r):\"link\"===t.message&&(r=new URL(s.getAttribute(\"src\")),n=new URL(t.value),c.test(n.protocol))&&n.host===r.host&&l.activeElement===s&&(d.top.location.href=t.value))}},d.addEventListener(\"message\",d.wp.receiveEmbedMessage,!1),l.addEventListener(\"DOMContentLoaded\",function(){for(var e,t,s=l.querySelectorAll(\"iframe.wp-embedded-content\"),r=0;r<s.length;r++)(t=(e=s[r]).getAttribute(\"data-secret\"))||(t=Math.random().toString(36).substring(2,12),e.src+=\"#?secret=\"+t,e.setAttribute(\"data-secret\",t)),e.contentWindow.postMessage({message:\"ready\",secret:t},\"*\")},!1)))}(window,document);\n\/* ]]> *\/\n<\/script>\n","thumbnail_url":"https:\/\/spreewaldmarathon.de\/wpswm\/wp-content\/uploads\/Startnummer-Frostwiesenlauf-2019-scaled.jpg","thumbnail_width":2560,"thumbnail_height":1825,"description":"[vc_row][vc_column width=&#8220;1\/1&#8243;][vc_column_text]2.267 Sportler beim 17. Frostwiesenlauf 2019. Frostwiesen-Lauf 2019 ausgebucht !!! Ein riesiges Danke allen unseren freundlichen Helfern! Bei + 8,5 \u00b0C, Nieselregen und so manch starker Windb\u00f6e, welche die Verpflegung oftmals von den Tischen wehte, gab es den nassesten Frostwiesenlauf seit seiner ersten Austragung im Jahr 2003. Auf den Sandwegen war es sehr schmutzig-pampig, schlie\u00dflich lag noch wenige Tage vorher Schnee auf den Wegen. Wochen vorher haben wir in meheren Arbeitseins\u00e4tzen den Start-Zielbereich von Brombeergestr\u00fcpp befreit und somit vergr\u00f6\u00dfert. Dabei wurden einige Container Gr\u00fcnschnitt produziert. Diese Vergr\u00f6\u00dferungsarbeiten werden in den kommenden Jahren weitergef\u00fchrt. Die beiden Saunalandschaften des Hotels mussten wegen \u00dcberf\u00fcllung geschlossen werden. Zu viele Sportler und Hotelg\u00e4ste wollten gleichzeitig diesen Bereich nutzen.\u00a02020 ist die Nutzung deshalb nur noch den Hotelg\u00e4sten vorbehalten, aber mit dem Spreeweltenbad in L\u00fcbbenau haben wir eine sehr gute Alternative, mit weit gr\u00f6\u00dferer Kapazit\u00e4t gefunden. Der Eintritt dort kann gleich mit \u00fcber unsere Onlineanmeldung gebucht werden. F\u00fcr 2020 werden wir die Teilnahmebeschr\u00e4nkung mit 2200 Sportlern beibehalten m\u00fcssen.\u00a0Es ist leider nicht mehr Platz am Landhotel. Die langen Schlangen beim Urkundendruck lassen sich auf Grund der begrenzten \u00d6rtlichenkeiten kaum verhindern.\u00a0Ein Online-Urkundendruck ist nicht vorgesehen. Eine frohe Botschaft hat das Landhotel f\u00fcr uns.\u00a0Das Hotel m\u00f6chte sich vergr\u00f6\u00dfern und [&hellip;]"}

[vc_row][vc_column width=&#8220;1/1&#8243;][vc_column_text]2.267 Sportler beim 17. Frostwiesenlauf 2019. Frostwiesen-Lauf 2019 ausgebucht !!! Ein riesiges Danke allen unseren freundlichen Helfern! Bei + 8,5 °C, Nieselregen und so manch starker Windböe, welche die Verpflegung oftmals von den Tischen wehte, gab es den nassesten Frostwiesenlauf seit seiner ersten Austragung im Jahr 2003. Auf den Sandwegen war es sehr schmutzig-pampig, schließlich lag noch wenige Tage vorher Schnee auf den Wegen. Wochen vorher haben wir in meheren Arbeitseinsätzen den Start-Zielbereich von Brombeergestrüpp befreit und somit vergrößert. Dabei wurden einige Container Grünschnitt produziert. Diese Vergrößerungsarbeiten werden in den kommenden Jahren weitergeführt. Die beiden Saunalandschaften des Hotels mussten wegen Überfüllung geschlossen werden. Zu viele Sportler und Hotelgäste wollten gleichzeitig diesen Bereich nutzen. 2020 ist die Nutzung deshalb nur noch den Hotelgästen vorbehalten, aber mit dem Spreeweltenbad in Lübbenau haben wir eine sehr gute Alternative, mit weit größerer Kapazität gefunden. Der Eintritt dort kann gleich mit über unsere Onlineanmeldung gebucht werden. Für 2020 werden wir die Teilnahmebeschränkung mit 2200 Sportlern beibehalten müssen. Es ist leider nicht mehr Platz am Landhotel. Die langen Schlangen beim Urkundendruck lassen sich auf Grund der begrenzten Örtlichenkeiten kaum verhindern. Ein Online-Urkundendruck ist nicht vorgesehen. Eine frohe Botschaft hat das Landhotel für uns. Das Hotel möchte sich vergrößern und [&hellip;]
