{"version":"1.0","provider_name":"SPREEWALDMARATHON","provider_url":"https:\/\/spreewaldmarathon.de\/wpswm","author_name":"admin","author_url":"https:\/\/spreewaldmarathon.de\/wpswm\/author\/wpswm_chefredakteur\/","title":"ADI und wir danken f\u00fcr Euer Verst\u00e4ndnis - SPREEWALDMARATHON","type":"rich","width":600,"height":338,"html":"<blockquote class=\"wp-embedded-content\" data-secret=\"u3O0msbJ1W\"><a href=\"https:\/\/spreewaldmarathon.de\/wpswm\/adi-und-wir-danken-fuer-euer-verstaendnis\/\">ADI und wir danken f\u00fcr Euer Verst\u00e4ndnis<\/a><\/blockquote><iframe sandbox=\"allow-scripts\" security=\"restricted\" src=\"https:\/\/spreewaldmarathon.de\/wpswm\/adi-und-wir-danken-fuer-euer-verstaendnis\/embed\/#?secret=u3O0msbJ1W\" width=\"600\" height=\"338\" title=\"&#8222;ADI und wir danken f\u00fcr Euer Verst\u00e4ndnis&#8220; &#8211; SPREEWALDMARATHON\" data-secret=\"u3O0msbJ1W\" frameborder=\"0\" marginwidth=\"0\" marginheight=\"0\" scrolling=\"no\" class=\"wp-embedded-content\"><\/iframe><script type=\"text\/javascript\">\n\/* <![CDATA[ *\/\n\/*! This file is auto-generated *\/\n!function(d,l){\"use strict\";l.querySelector&&d.addEventListener&&\"undefined\"!=typeof URL&&(d.wp=d.wp||{},d.wp.receiveEmbedMessage||(d.wp.receiveEmbedMessage=function(e){var t=e.data;if((t||t.secret||t.message||t.value)&&!\/[^a-zA-Z0-9]\/.test(t.secret)){for(var s,r,n,a=l.querySelectorAll('iframe[data-secret=\"'+t.secret+'\"]'),o=l.querySelectorAll('blockquote[data-secret=\"'+t.secret+'\"]'),c=new RegExp(\"^https?:$\",\"i\"),i=0;i<o.length;i++)o[i].style.display=\"none\";for(i=0;i<a.length;i++)s=a[i],e.source===s.contentWindow&&(s.removeAttribute(\"style\"),\"height\"===t.message?(1e3<(r=parseInt(t.value,10))?r=1e3:~~r<200&&(r=200),s.height=r):\"link\"===t.message&&(r=new URL(s.getAttribute(\"src\")),n=new URL(t.value),c.test(n.protocol))&&n.host===r.host&&l.activeElement===s&&(d.top.location.href=t.value))}},d.addEventListener(\"message\",d.wp.receiveEmbedMessage,!1),l.addEventListener(\"DOMContentLoaded\",function(){for(var e,t,s=l.querySelectorAll(\"iframe.wp-embedded-content\"),r=0;r<s.length;r++)(t=(e=s[r]).getAttribute(\"data-secret\"))||(t=Math.random().toString(36).substring(2,12),e.src+=\"#?secret=\"+t,e.setAttribute(\"data-secret\",t)),e.contentWindow.postMessage({message:\"ready\",secret:t},\"*\")},!1)))}(window,document);\n\/* ]]> *\/\n<\/script>\n","thumbnail_url":"https:\/\/spreewaldmarathon.de\/wpswm\/wp-content\/uploads\/Spreewaldmarathon-2019_Start_10-21-42km_0177-scaled.jpg","thumbnail_width":2560,"thumbnail_height":1707,"description":"ADI (Gerhard Adolph) ist traditionell unser Hauptmoderator beim Spreewaldmarathon. Liebe Sportfreunde, Helfer und Mitstreiter des Spreewaldmarathons, der Fr\u00fchling entfaltet unaufhaltsam seine Schwingen. Eigentlich eine Zeit, um sportliche Aktivit\u00e4ten nach drau\u00dfen zu verlegen und im Kreise seiner Freunde und Familie am 18. Spreewaldmarathon vom 16.- 19. April 2020 teilzunehmen. Leider kam es in diesem Jahr anders, als wir es uns \u00fcberhaupt vorstellen konnten. L\u00e4ngst in den letzten Vorbereitungen, mit Liebe zum Detail, traf uns die amtliche Absage unserer Veranstaltung aufgrund der Corona-Pandemie schwer. Wir brauchten ein paar Tage, um diese Situation nur ansatzweise f\u00fcr uns zu realisieren. Wir w\u00e4ren nicht die Organisatoren der gr\u00f6\u00dften Breitensportveranstaltung Brandenburgs, wenn uns selbst in solch einer Krisensituation nicht etwas einf\u00e4llt, um das Erlebnis&nbsp;Spreewaldmarathon&nbsp;in Eure Wohnzimmer zu bekommen. Wir bedanken uns in diesem Zusammenhang herzlich bei allen Sportlerinnen und Sportlern f\u00fcr die vielen aufbauenden Worte, dem entgegengebrachten Vertrauen und Verst\u00e4ndnis, von Herzen kommende Nachrichten, die uns Mut machen, nach vorn zu schauen. Das Organisationsteam mit den vielen, vielen Helfern m\u00f6chte auch weiterhin f\u00fcr Euch da sein. Der Spreewaldmarathon geht demn\u00e4chst online!Laufen, Radeln, Wandern, Walken oder Skaten?Jeder wie er es m\u00f6chte und wo er es m\u00f6chte, Sport macht gute Laune und hilft Krisen zu \u00fcberwinden, auch Corona. [&hellip;]"}

ADI und wir danken für Euer Verständnis - SPREEWALDMARATHON

<blockquote class="wp-embedded-content" data-secret="u3O0msbJ1W"><a href="https://spreewaldmarathon.de/wpswm/adi-und-wir-danken-fuer-euer-verstaendnis/">ADI und wir danken für Euer Verständnis</a></blockquote><iframe sandbox="allow-scripts" security="restricted" src="https://spreewaldmarathon.de/wpswm/adi-und-wir-danken-fuer-euer-verstaendnis/embed/#?secret=u3O0msbJ1W" width="600" height="338" title="&#8222;ADI und wir danken für Euer Verständnis&#8220; &#8211; SPREEWALDMARATHON" data-secret="u3O0msbJ1W" frameborder="0" marginwidth="0" marginheight="0" scrolling="no" class="wp-embedded-content"></iframe><script type="text/javascript">
/* <![CDATA[ */
/*! This file is auto-generated */
!function(d,l){"use strict";l.querySelector&&d.addEventListener&&"undefined"!=typeof URL&&(d.wp=d.wp||{},d.wp.receiveEmbedMessage||(d.wp.receiveEmbedMessage=function(e){var t=e.data;if((t||t.secret||t.message||t.value)&&!/[^a-zA-Z0-9]/.test(t.secret)){for(var s,r,n,a=l.querySelectorAll('iframe[data-secret="'+t.secret+'"]'),o=l.querySelectorAll('blockquote[data-secret="'+t.secret+'"]'),c=new RegExp("^https?:$","i"),i=0;i<o.length;i++)o[i].style.display="none";for(i=0;i<a.length;i++)s=a[i],e.source===s.contentWindow&&(s.removeAttribute("style"),"height"===t.message?(1e3<(r=parseInt(t.value,10))?r=1e3:~~r<200&&(r=200),s.height=r):"link"===t.message&&(r=new URL(s.getAttribute("src")),n=new URL(t.value),c.test(n.protocol))&&n.host===r.host&&l.activeElement===s&&(d.top.location.href=t.value))}},d.addEventListener("message",d.wp.receiveEmbedMessage,!1),l.addEventListener("DOMContentLoaded",function(){for(var e,t,s=l.querySelectorAll("iframe.wp-embedded-content"),r=0;r<s.length;r++)(t=(e=s[r]).getAttribute("data-secret"))||(t=Math.random().toString(36).substring(2,12),e.src+="#?secret="+t,e.setAttribute("data-secret",t)),e.contentWindow.postMessage({message:"ready",secret:t},"*")},!1)))}(window,document);
/* ]]> */
</script>

ADI (Gerhard Adolph) ist traditionell unser Hauptmoderator beim Spreewaldmarathon. Liebe Sportfreunde, Helfer und Mitstreiter des Spreewaldmarathons, der Frühling entfaltet unaufhaltsam seine Schwingen. Eigentlich eine Zeit, um sportliche Aktivitäten nach draußen zu verlegen und im Kreise seiner Freunde und Familie am 18. Spreewaldmarathon vom 16.- 19. April 2020 teilzunehmen. Leider kam es in diesem Jahr anders, als wir es uns überhaupt vorstellen konnten. Längst in den letzten Vorbereitungen, mit Liebe zum Detail, traf uns die amtliche Absage unserer Veranstaltung aufgrund der Corona-Pandemie schwer. Wir brauchten ein paar Tage, um diese Situation nur ansatzweise für uns zu realisieren. Wir wären nicht die Organisatoren der größten Breitensportveranstaltung Brandenburgs, wenn uns selbst in solch einer Krisensituation nicht etwas einfällt, um das Erlebnis&nbsp;Spreewaldmarathon&nbsp;in Eure Wohnzimmer zu bekommen. Wir bedanken uns in diesem Zusammenhang herzlich bei allen Sportlerinnen und Sportlern für die vielen aufbauenden Worte, dem entgegengebrachten Vertrauen und Verständnis, von Herzen kommende Nachrichten, die uns Mut machen, nach vorn zu schauen. Das Organisationsteam mit den vielen, vielen Helfern möchte auch weiterhin für Euch da sein. Der Spreewaldmarathon geht demnächst online!Laufen, Radeln, Wandern, Walken oder Skaten?Jeder wie er es möchte und wo er es möchte, Sport macht gute Laune und hilft Krisen zu überwinden, auch Corona. [&hellip;]
